{"id":25,"date":"2022-10-10T13:17:57","date_gmt":"2022-10-10T16:17:57","guid":{"rendered":"http:\/\/novainjecao.com.br\/site\/?page_id=25"},"modified":"2024-07-12T08:59:36","modified_gmt":"2024-07-12T11:59:36","slug":"clientes","status":"publish","type":"page","link":"http:\/\/alupower.com.br\/index.php\/clientes\/","title":{"rendered":"Clientes"},"content":{"rendered":"\t\t<div data-elementor-type=\"wp-page\" data-elementor-id=\"25\" class=\"elementor elementor-25\">\n\t\t\t\t\t\t<section class=\"elementor-section elementor-top-section elementor-element elementor-element-6c4b3af elementor-section-stretched elementor-section-boxed elementor-section-height-default elementor-section-height-default\" data-id=\"6c4b3af\" data-element_type=\"section\" data-settings=\"{&quot;stretch_section&quot;:&quot;section-stretched&quot;,&quot;background_background&quot;:&quot;classic&quot;}\">\n\t\t\t\t\t\t<div class=\"elementor-container elementor-column-gap-default\">\n\t\t\t\t\t<div class=\"elementor-column elementor-col-100 elementor-top-column elementor-element elementor-element-1bf2499\" data-id=\"1bf2499\" data-element_type=\"column\">\n\t\t\t<div class=\"elementor-widget-wrap elementor-element-populated\">\n\t\t\t\t\t\t<div class=\"elementor-element elementor-element-663f962 elementor-widget elementor-widget-image\" data-id=\"663f962\" data-element_type=\"widget\" data-widget_type=\"image.default\">\n\t\t\t\t<div class=\"elementor-widget-container\">\n\t\t\t<style>\/*! elementor - v3.22.0 - 26-06-2024 *\/\n.elementor-widget-image{text-align:center}.elementor-widget-image a{display:inline-block}.elementor-widget-image a img[src$=\".svg\"]{width:48px}.elementor-widget-image img{vertical-align:middle;display:inline-block}<\/style>\t\t\t\t\t\t\t\t\t\t<img fetchpriority=\"high\" decoding=\"async\" width=\"1920\" height=\"711\" src=\"http:\/\/alupower.com.br\/wp-content\/uploads\/2022\/11\/banner-clientes-2-2.jpg\" class=\"attachment-full size-full wp-image-963\" alt=\"\" srcset=\"http:\/\/alupower.com.br\/wp-content\/uploads\/2022\/11\/banner-clientes-2-2.jpg 1920w, http:\/\/alupower.com.br\/wp-content\/uploads\/2022\/11\/banner-clientes-2-2-300x111.jpg 300w, http:\/\/alupower.com.br\/wp-content\/uploads\/2022\/11\/banner-clientes-2-2-1024x379.jpg 1024w, http:\/\/alupower.com.br\/wp-content\/uploads\/2022\/11\/banner-clientes-2-2-768x284.jpg 768w, http:\/\/alupower.com.br\/wp-content\/uploads\/2022\/11\/banner-clientes-2-2-1536x569.jpg 1536w\" sizes=\"(max-width: 1920px) 100vw, 1920px\" \/>\t\t\t\t\t\t\t\t\t\t\t\t\t<\/div>\n\t\t\t\t<\/div>\n\t\t\t\t\t<\/div>\n\t\t<\/div>\n\t\t\t\t\t<\/div>\n\t\t<\/section>\n\t\t\t\t<section class=\"elementor-section elementor-top-section elementor-element elementor-element-4db3171 elementor-section-stretched elementor-section-boxed elementor-section-height-default elementor-section-height-default\" data-id=\"4db3171\" data-element_type=\"section\" data-settings=\"{&quot;stretch_section&quot;:&quot;section-stretched&quot;}\">\n\t\t\t\t\t\t<div class=\"elementor-container elementor-column-gap-default\">\n\t\t\t\t\t<div class=\"elementor-column elementor-col-100 elementor-top-column elementor-element elementor-element-8c09272\" data-id=\"8c09272\" data-element_type=\"column\">\n\t\t\t<div class=\"elementor-widget-wrap elementor-element-populated\">\n\t\t\t\t\t\t<div class=\"elementor-element elementor-element-b61256e elementor-widget elementor-widget-heading\" data-id=\"b61256e\" data-element_type=\"widget\" data-widget_type=\"heading.default\">\n\t\t\t\t<div class=\"elementor-widget-container\">\n\t\t\t<style>\/*! elementor - v3.22.0 - 26-06-2024 *\/\n.elementor-heading-title{padding:0;margin:0;line-height:1}.elementor-widget-heading .elementor-heading-title[class*=elementor-size-]>a{color:inherit;font-size:inherit;line-height:inherit}.elementor-widget-heading .elementor-heading-title.elementor-size-small{font-size:15px}.elementor-widget-heading .elementor-heading-title.elementor-size-medium{font-size:19px}.elementor-widget-heading .elementor-heading-title.elementor-size-large{font-size:29px}.elementor-widget-heading .elementor-heading-title.elementor-size-xl{font-size:39px}.elementor-widget-heading .elementor-heading-title.elementor-size-xxl{font-size:59px}<\/style><h2 class=\"elementor-heading-title elementor-size-default\">Parceria duradoura<\/h2>\t\t<\/div>\n\t\t\t\t<\/div>\n\t\t\t\t<div class=\"elementor-element elementor-element-d1668d2 elementor-widget elementor-widget-heading\" data-id=\"d1668d2\" data-element_type=\"widget\" data-widget_type=\"heading.default\">\n\t\t\t\t<div class=\"elementor-widget-container\">\n\t\t\t<h2 class=\"elementor-heading-title elementor-size-default\">A AluPower produz injetados em alum\u00ednio para o mercado automotivo, linha branca e ind\u00fastria em geral, em conformidade com as expectativas dos clientes e com os requisitos legais.<\/h2>\t\t<\/div>\n\t\t\t\t<\/div>\n\t\t\t\t<div class=\"elementor-element elementor-element-bd95720 elementor-widget elementor-widget-heading\" data-id=\"bd95720\" data-element_type=\"widget\" data-widget_type=\"heading.default\">\n\t\t\t\t<div class=\"elementor-widget-container\">\n\t\t\t<h2 class=\"elementor-heading-title elementor-size-default\">Focamos no melhoramento cont\u00ednuo dos nossos processos e na consolida\u00e7\u00e3o da nossa cultura organizacional visando resultados consistentes.<\/h2>\t\t<\/div>\n\t\t\t\t<\/div>\n\t\t\t\t<div class=\"elementor-element elementor-element-7a68cd5 elementor-widget elementor-widget-image-gallery\" data-id=\"7a68cd5\" data-element_type=\"widget\" data-widget_type=\"image-gallery.default\">\n\t\t\t\t<div class=\"elementor-widget-container\">\n\t\t\t<style>\/*! elementor - v3.22.0 - 26-06-2024 *\/\n.elementor-image-gallery .gallery-item{display:inline-block;text-align:center;vertical-align:top;width:100%;max-width:100%;margin:0 auto}.elementor-image-gallery .gallery-item img{margin:0 auto}.elementor-image-gallery .gallery-item .gallery-caption{margin:0}.elementor-image-gallery figure img{display:block}.elementor-image-gallery figure figcaption{width:100%}.gallery-spacing-custom .elementor-image-gallery .gallery-icon{padding:0}@media (min-width:768px){.elementor-image-gallery .gallery-columns-2 .gallery-item{max-width:50%}.elementor-image-gallery .gallery-columns-3 .gallery-item{max-width:33.33%}.elementor-image-gallery .gallery-columns-4 .gallery-item{max-width:25%}.elementor-image-gallery .gallery-columns-5 .gallery-item{max-width:20%}.elementor-image-gallery .gallery-columns-6 .gallery-item{max-width:16.666%}.elementor-image-gallery .gallery-columns-7 .gallery-item{max-width:14.28%}.elementor-image-gallery .gallery-columns-8 .gallery-item{max-width:12.5%}.elementor-image-gallery .gallery-columns-9 .gallery-item{max-width:11.11%}.elementor-image-gallery .gallery-columns-10 .gallery-item{max-width:10%}}@media (min-width:480px) and (max-width:767px){.elementor-image-gallery .gallery.gallery-columns-2 .gallery-item,.elementor-image-gallery .gallery.gallery-columns-3 .gallery-item,.elementor-image-gallery .gallery.gallery-columns-4 .gallery-item,.elementor-image-gallery .gallery.gallery-columns-5 .gallery-item,.elementor-image-gallery .gallery.gallery-columns-6 .gallery-item,.elementor-image-gallery .gallery.gallery-columns-7 .gallery-item,.elementor-image-gallery .gallery.gallery-columns-8 .gallery-item,.elementor-image-gallery .gallery.gallery-columns-9 .gallery-item,.elementor-image-gallery .gallery.gallery-columns-10 .gallery-item{max-width:50%}}@media (max-width:479px){.elementor-image-gallery .gallery.gallery-columns-2 .gallery-item,.elementor-image-gallery .gallery.gallery-columns-3 .gallery-item,.elementor-image-gallery .gallery.gallery-columns-4 .gallery-item,.elementor-image-gallery .gallery.gallery-columns-5 .gallery-item,.elementor-image-gallery .gallery.gallery-columns-6 .gallery-item,.elementor-image-gallery .gallery.gallery-columns-7 .gallery-item,.elementor-image-gallery .gallery.gallery-columns-8 .gallery-item,.elementor-image-gallery .gallery.gallery-columns-9 .gallery-item,.elementor-image-gallery .gallery.gallery-columns-10 .gallery-item{max-width:100%}}<\/style>\t\t<div class=\"elementor-image-gallery\">\n\t\t\t<div id='gallery-1' class='gallery galleryid-25 gallery-columns-3 gallery-size-medium'><figure class='gallery-item'>\n\t\t\t<div class='gallery-icon landscape'>\n\t\t\t\t<a data-elementor-open-lightbox=\"yes\" data-elementor-lightbox-slideshow=\"7a68cd5\" data-elementor-lightbox-title=\"Vibracoustic_logo.svg_-225x225\" data-e-action-hash=\"#elementor-action%3Aaction%3Dlightbox%26settings%3DeyJpZCI6MzE4LCJ1cmwiOiJodHRwOlwvXC9hbHVwb3dlci5jb20uYnJcL3dwLWNvbnRlbnRcL3VwbG9hZHNcLzIwMjJcLzEwXC9WaWJyYWNvdXN0aWNfbG9nby5zdmdfLTIyNXgyMjUtMS5qcGciLCJzbGlkZXNob3ciOiI3YTY4Y2Q1In0%3D\" href='http:\/\/alupower.com.br\/wp-content\/uploads\/2022\/10\/Vibracoustic_logo.svg_-225x225-1.jpg'><img decoding=\"async\" width=\"225\" height=\"225\" src=\"http:\/\/alupower.com.br\/wp-content\/uploads\/2022\/10\/Vibracoustic_logo.svg_-225x225-1.jpg\" class=\"attachment-medium size-medium\" alt=\"\" srcset=\"http:\/\/alupower.com.br\/wp-content\/uploads\/2022\/10\/Vibracoustic_logo.svg_-225x225-1.jpg 225w, http:\/\/alupower.com.br\/wp-content\/uploads\/2022\/10\/Vibracoustic_logo.svg_-225x225-1-150x150.jpg 150w\" sizes=\"(max-width: 225px) 100vw, 225px\" \/><\/a>\n\t\t\t<\/div><\/figure><figure class='gallery-item'>\n\t\t\t<div class='gallery-icon landscape'>\n\t\t\t\t<a data-elementor-open-lightbox=\"yes\" data-elementor-lightbox-slideshow=\"7a68cd5\" data-elementor-lightbox-title=\"Whirlpool_Corporation_logo.svg_-225x225\" data-e-action-hash=\"#elementor-action%3Aaction%3Dlightbox%26settings%3DeyJpZCI6MzE5LCJ1cmwiOiJodHRwOlwvXC9hbHVwb3dlci5jb20uYnJcL3dwLWNvbnRlbnRcL3VwbG9hZHNcLzIwMjJcLzEwXC9XaGlybHBvb2xfQ29ycG9yYXRpb25fbG9nby5zdmdfLTIyNXgyMjUtMS5qcGciLCJzbGlkZXNob3ciOiI3YTY4Y2Q1In0%3D\" href='http:\/\/alupower.com.br\/wp-content\/uploads\/2022\/10\/Whirlpool_Corporation_logo.svg_-225x225-1.jpg'><img decoding=\"async\" width=\"225\" height=\"225\" src=\"http:\/\/alupower.com.br\/wp-content\/uploads\/2022\/10\/Whirlpool_Corporation_logo.svg_-225x225-1.jpg\" class=\"attachment-medium size-medium\" alt=\"\" srcset=\"http:\/\/alupower.com.br\/wp-content\/uploads\/2022\/10\/Whirlpool_Corporation_logo.svg_-225x225-1.jpg 225w, http:\/\/alupower.com.br\/wp-content\/uploads\/2022\/10\/Whirlpool_Corporation_logo.svg_-225x225-1-150x150.jpg 150w\" sizes=\"(max-width: 225px) 100vw, 225px\" \/><\/a>\n\t\t\t<\/div><\/figure><figure class='gallery-item'>\n\t\t\t<div class='gallery-icon landscape'>\n\t\t\t\t<a data-elementor-open-lightbox=\"yes\" data-elementor-lightbox-slideshow=\"7a68cd5\" data-elementor-lightbox-title=\"url-225x225\" data-e-action-hash=\"#elementor-action%3Aaction%3Dlightbox%26settings%3DeyJpZCI6MzE3LCJ1cmwiOiJodHRwOlwvXC9hbHVwb3dlci5jb20uYnJcL3dwLWNvbnRlbnRcL3VwbG9hZHNcLzIwMjJcLzEwXC91cmwtMjI1eDIyNS0xLmpwZyIsInNsaWRlc2hvdyI6IjdhNjhjZDUifQ%3D%3D\" href='http:\/\/alupower.com.br\/wp-content\/uploads\/2022\/10\/url-225x225-1.jpg'><img loading=\"lazy\" decoding=\"async\" width=\"225\" height=\"225\" src=\"http:\/\/alupower.com.br\/wp-content\/uploads\/2022\/10\/url-225x225-1.jpg\" class=\"attachment-medium size-medium\" alt=\"\" srcset=\"http:\/\/alupower.com.br\/wp-content\/uploads\/2022\/10\/url-225x225-1.jpg 225w, http:\/\/alupower.com.br\/wp-content\/uploads\/2022\/10\/url-225x225-1-150x150.jpg 150w\" sizes=\"(max-width: 225px) 100vw, 225px\" \/><\/a>\n\t\t\t<\/div><\/figure><figure class='gallery-item'>\n\t\t\t<div class='gallery-icon landscape'>\n\t\t\t\t<a data-elementor-open-lightbox=\"yes\" data-elementor-lightbox-slideshow=\"7a68cd5\" data-elementor-lightbox-title=\"AKASOL\" data-e-action-hash=\"#elementor-action%3Aaction%3Dlightbox%26settings%3DeyJpZCI6OTY3LCJ1cmwiOiJodHRwOlwvXC9hbHVwb3dlci5jb20uYnJcL3dwLWNvbnRlbnRcL3VwbG9hZHNcLzIwMjJcLzExXC9BS0FTT0wuanBnIiwic2xpZGVzaG93IjoiN2E2OGNkNSJ9\" href='http:\/\/alupower.com.br\/wp-content\/uploads\/2022\/11\/AKASOL.jpg'><img loading=\"lazy\" decoding=\"async\" width=\"300\" height=\"173\" src=\"http:\/\/alupower.com.br\/wp-content\/uploads\/2022\/11\/AKASOL-300x173.jpg\" class=\"attachment-medium size-medium\" alt=\"\" srcset=\"http:\/\/alupower.com.br\/wp-content\/uploads\/2022\/11\/AKASOL-300x173.jpg 300w, http:\/\/alupower.com.br\/wp-content\/uploads\/2022\/11\/AKASOL.jpg 400w\" sizes=\"(max-width: 300px) 100vw, 300px\" \/><\/a>\n\t\t\t<\/div><\/figure><figure class='gallery-item'>\n\t\t\t<div class='gallery-icon landscape'>\n\t\t\t\t<a data-elementor-open-lightbox=\"yes\" data-elementor-lightbox-slideshow=\"7a68cd5\" data-elementor-lightbox-title=\"CABOVEL\" data-e-action-hash=\"#elementor-action%3Aaction%3Dlightbox%26settings%3DeyJpZCI6OTY4LCJ1cmwiOiJodHRwOlwvXC9hbHVwb3dlci5jb20uYnJcL3dwLWNvbnRlbnRcL3VwbG9hZHNcLzIwMjJcLzExXC9DQUJPVkVMLmpwZyIsInNsaWRlc2hvdyI6IjdhNjhjZDUifQ%3D%3D\" href='http:\/\/alupower.com.br\/wp-content\/uploads\/2022\/11\/CABOVEL.jpg'><img loading=\"lazy\" decoding=\"async\" width=\"300\" height=\"173\" src=\"http:\/\/alupower.com.br\/wp-content\/uploads\/2022\/11\/CABOVEL-300x173.jpg\" class=\"attachment-medium size-medium\" alt=\"\" srcset=\"http:\/\/alupower.com.br\/wp-content\/uploads\/2022\/11\/CABOVEL-300x173.jpg 300w, http:\/\/alupower.com.br\/wp-content\/uploads\/2022\/11\/CABOVEL.jpg 400w\" sizes=\"(max-width: 300px) 100vw, 300px\" \/><\/a>\n\t\t\t<\/div><\/figure><figure class='gallery-item'>\n\t\t\t<div class='gallery-icon landscape'>\n\t\t\t\t<a data-elementor-open-lightbox=\"yes\" data-elementor-lightbox-slideshow=\"7a68cd5\" data-elementor-lightbox-title=\"ESB LIGHT\" data-e-action-hash=\"#elementor-action%3Aaction%3Dlightbox%26settings%3DeyJpZCI6OTY5LCJ1cmwiOiJodHRwOlwvXC9hbHVwb3dlci5jb20uYnJcL3dwLWNvbnRlbnRcL3VwbG9hZHNcLzIwMjJcLzExXC9FU0ItTElHSFQuanBnIiwic2xpZGVzaG93IjoiN2E2OGNkNSJ9\" href='http:\/\/alupower.com.br\/wp-content\/uploads\/2022\/11\/ESB-LIGHT.jpg'><img loading=\"lazy\" decoding=\"async\" width=\"300\" height=\"173\" src=\"http:\/\/alupower.com.br\/wp-content\/uploads\/2022\/11\/ESB-LIGHT-300x173.jpg\" class=\"attachment-medium size-medium\" alt=\"\" srcset=\"http:\/\/alupower.com.br\/wp-content\/uploads\/2022\/11\/ESB-LIGHT-300x173.jpg 300w, http:\/\/alupower.com.br\/wp-content\/uploads\/2022\/11\/ESB-LIGHT.jpg 400w\" sizes=\"(max-width: 300px) 100vw, 300px\" \/><\/a>\n\t\t\t<\/div><\/figure><figure class='gallery-item'>\n\t\t\t<div class='gallery-icon landscape'>\n\t\t\t\t<a data-elementor-open-lightbox=\"yes\" data-elementor-lightbox-slideshow=\"7a68cd5\" data-elementor-lightbox-title=\"HACEB\" data-e-action-hash=\"#elementor-action%3Aaction%3Dlightbox%26settings%3DeyJpZCI6OTcwLCJ1cmwiOiJodHRwOlwvXC9hbHVwb3dlci5jb20uYnJcL3dwLWNvbnRlbnRcL3VwbG9hZHNcLzIwMjJcLzExXC9IQUNFQi5qcGciLCJzbGlkZXNob3ciOiI3YTY4Y2Q1In0%3D\" href='http:\/\/alupower.com.br\/wp-content\/uploads\/2022\/11\/HACEB.jpg'><img loading=\"lazy\" decoding=\"async\" width=\"300\" height=\"173\" src=\"http:\/\/alupower.com.br\/wp-content\/uploads\/2022\/11\/HACEB-300x173.jpg\" class=\"attachment-medium size-medium\" alt=\"\" srcset=\"http:\/\/alupower.com.br\/wp-content\/uploads\/2022\/11\/HACEB-300x173.jpg 300w, http:\/\/alupower.com.br\/wp-content\/uploads\/2022\/11\/HACEB.jpg 400w\" sizes=\"(max-width: 300px) 100vw, 300px\" \/><\/a>\n\t\t\t<\/div><\/figure><figure class='gallery-item'>\n\t\t\t<div class='gallery-icon landscape'>\n\t\t\t\t<a data-elementor-open-lightbox=\"yes\" data-elementor-lightbox-slideshow=\"7a68cd5\" data-elementor-lightbox-title=\"HARMAN\" data-e-action-hash=\"#elementor-action%3Aaction%3Dlightbox%26settings%3DeyJpZCI6OTcxLCJ1cmwiOiJodHRwOlwvXC9hbHVwb3dlci5jb20uYnJcL3dwLWNvbnRlbnRcL3VwbG9hZHNcLzIwMjJcLzExXC9IQVJNQU4uanBnIiwic2xpZGVzaG93IjoiN2E2OGNkNSJ9\" href='http:\/\/alupower.com.br\/wp-content\/uploads\/2022\/11\/HARMAN.jpg'><img loading=\"lazy\" decoding=\"async\" width=\"300\" height=\"173\" src=\"http:\/\/alupower.com.br\/wp-content\/uploads\/2022\/11\/HARMAN-300x173.jpg\" class=\"attachment-medium size-medium\" alt=\"\" srcset=\"http:\/\/alupower.com.br\/wp-content\/uploads\/2022\/11\/HARMAN-300x173.jpg 300w, http:\/\/alupower.com.br\/wp-content\/uploads\/2022\/11\/HARMAN.jpg 400w\" sizes=\"(max-width: 300px) 100vw, 300px\" \/><\/a>\n\t\t\t<\/div><\/figure><figure class='gallery-item'>\n\t\t\t<div class='gallery-icon landscape'>\n\t\t\t\t<a data-elementor-open-lightbox=\"yes\" data-elementor-lightbox-slideshow=\"7a68cd5\" data-elementor-lightbox-title=\"HENGST FILTER\" data-e-action-hash=\"#elementor-action%3Aaction%3Dlightbox%26settings%3DeyJpZCI6OTcyLCJ1cmwiOiJodHRwOlwvXC9hbHVwb3dlci5jb20uYnJcL3dwLWNvbnRlbnRcL3VwbG9hZHNcLzIwMjJcLzExXC9IRU5HU1QtRklMVEVSLmpwZyIsInNsaWRlc2hvdyI6IjdhNjhjZDUifQ%3D%3D\" href='http:\/\/alupower.com.br\/wp-content\/uploads\/2022\/11\/HENGST-FILTER.jpg'><img loading=\"lazy\" decoding=\"async\" width=\"300\" height=\"173\" src=\"http:\/\/alupower.com.br\/wp-content\/uploads\/2022\/11\/HENGST-FILTER-300x173.jpg\" class=\"attachment-medium size-medium\" alt=\"\" srcset=\"http:\/\/alupower.com.br\/wp-content\/uploads\/2022\/11\/HENGST-FILTER-300x173.jpg 300w, http:\/\/alupower.com.br\/wp-content\/uploads\/2022\/11\/HENGST-FILTER.jpg 400w\" sizes=\"(max-width: 300px) 100vw, 300px\" \/><\/a>\n\t\t\t<\/div><\/figure><figure class='gallery-item'>\n\t\t\t<div class='gallery-icon landscape'>\n\t\t\t\t<a data-elementor-open-lightbox=\"yes\" data-elementor-lightbox-slideshow=\"7a68cd5\" data-elementor-lightbox-title=\"SONERES\" data-e-action-hash=\"#elementor-action%3Aaction%3Dlightbox%26settings%3DeyJpZCI6OTczLCJ1cmwiOiJodHRwOlwvXC9hbHVwb3dlci5jb20uYnJcL3dwLWNvbnRlbnRcL3VwbG9hZHNcLzIwMjJcLzExXC9TT05FUkVTLmpwZyIsInNsaWRlc2hvdyI6IjdhNjhjZDUifQ%3D%3D\" href='http:\/\/alupower.com.br\/wp-content\/uploads\/2022\/11\/SONERES.jpg'><img loading=\"lazy\" decoding=\"async\" width=\"300\" height=\"173\" src=\"http:\/\/alupower.com.br\/wp-content\/uploads\/2022\/11\/SONERES-300x173.jpg\" class=\"attachment-medium size-medium\" alt=\"\" srcset=\"http:\/\/alupower.com.br\/wp-content\/uploads\/2022\/11\/SONERES-300x173.jpg 300w, http:\/\/alupower.com.br\/wp-content\/uploads\/2022\/11\/SONERES.jpg 400w\" sizes=\"(max-width: 300px) 100vw, 300px\" \/><\/a>\n\t\t\t<\/div><\/figure>\n\t\t<\/div>\n\t\t<\/div>\n\t\t\t\t<\/div>\n\t\t\t\t<\/div>\n\t\t\t\t\t<\/div>\n\t\t<\/div>\n\t\t\t\t\t<\/div>\n\t\t<\/section>\n\t\t\t\t<\/div>\n\t\t","protected":false},"excerpt":{"rendered":"<p>Parceria duradoura A AluPower produz injetados em alum\u00ednio para o mercado automotivo, linha branca e ind\u00fastria em geral, em conformidade com as expectativas dos clientes e com os requisitos legais. Focamos no melhoramento cont\u00ednuo dos nossos processos e na consolida\u00e7\u00e3o da nossa cultura organizacional visando resultados consistentes.<\/p>\n","protected":false},"author":3,"featured_media":0,"parent":0,"menu_order":0,"comment_status":"closed","ping_status":"closed","template":"elementor_header_footer","meta":{"_joinchat":[],"footnotes":""},"_links":{"self":[{"href":"http:\/\/alupower.com.br\/index.php\/wp-json\/wp\/v2\/pages\/25"}],"collection":[{"href":"http:\/\/alupower.com.br\/index.php\/wp-json\/wp\/v2\/pages"}],"about":[{"href":"http:\/\/alupower.com.br\/index.php\/wp-json\/wp\/v2\/types\/page"}],"author":[{"embeddable":true,"href":"http:\/\/alupower.com.br\/index.php\/wp-json\/wp\/v2\/users\/3"}],"replies":[{"embeddable":true,"href":"http:\/\/alupower.com.br\/index.php\/wp-json\/wp\/v2\/comments?post=25"}],"version-history":[{"count":64,"href":"http:\/\/alupower.com.br\/index.php\/wp-json\/wp\/v2\/pages\/25\/revisions"}],"predecessor-version":[{"id":1192,"href":"http:\/\/alupower.com.br\/index.php\/wp-json\/wp\/v2\/pages\/25\/revisions\/1192"}],"wp:attachment":[{"href":"http:\/\/alupower.com.br\/index.php\/wp-json\/wp\/v2\/media?parent=25"}],"curies":[{"name":"wp","href":"https:\/\/api.w.org\/{rel}","templated":true}]}}